ded by 11?
5
Suppose -3*y + 2 + 43 = -5*m, -5 = y. What is the remainder when m/(-8) + (-213)/(-6) is divided by 13?
11
Let m be (-1 - 3)/2 - 6. What is the remainder when 17 is divided by 2*1*(-36)/m?
8
Let x be (2/(-6))/((-2)/36). Calculate the remainder when (x/5)/(6/165) is divided by 17.
16
Let r(u) = u**3 - 5*u**2 + 3. Let g be r(5). Suppose 5*z + 0*m - 240 = 2*m, m = g*z - 143. What is the remainder when z is divided by 12?
10
Let o(u) = 11*u - 15. What is the remainder when o(4) is divided by 10?
9
Let s be (12 - 4) + (-1 - 1). Suppose 2*w = -3*x + 29, -2*x + s*x + 4*w = 44. Calculate the remainder when 26 is divided by x.
5
Suppose -4*k - 23 = -5*y, -y - 3*y = -5*k - 22. What is the remainder when 11 is divided by y?
2
Suppose 4*i = -16, 0*v - 2*i = -5*v + 28. Calculate the remainder when 9 is divided by v.
1
Suppose -20*o - 32 = -22*o. What is the remainder when o is divided by 6?
4
Calculate the remainder when 3/(-3) + 1 - -5 is divided by 4.
1
Let q(o) = -4*o - 9. Suppose -2*d - 1 = -3*d, 5*f - 3*d - 12 = 0. Calculate the remainder when q(-5) is divided by f.
2
Let g(x) = -x**3 - 7*x**2 - 8*x - 6. Let z = -1 - -14. Let o = -9 + z. What is the remainder when g(-6) is divided by o?
2
Suppose 96 = -3*f + 6*f. What is the remainder when f is divided by 9?
5
Let p(w) = -2*w - 3. What is the remainder when 30 is divided by p(-7)?
8
Let a(q) = 2*q. Let s = 14 - -1. What is the remainder when (-6)/((s/2)/(-5)) is divided by a(1)?
0
Let z = -6 + 36. Let n = 22 - 14. What is the remainder when z is divided by n?
6
Suppose -4*k + 9*k = 15. Suppose 0 = -i + k + 14. Calculate the remainder when 63 is divided by i.
12
Suppose 3*x + 65 = 2*k, 5*k + 44 = -2*x - 12. Let s = 43 + x. Calculate the remainder when s is divided by 7.
6
Let h be (-16)/14 + (-1)/(-7). What is the remainder when 31 is divided by h/(-2) + 21/2?
9
Let r be (0 - -3)*(-40)/12. Calculate the remainder when ((-138)/r)/((-1)/(-5)) is divided by 18.
15
Let y = -18 + 31. Let m = -23 + 13. Let h = 14 + m. What is the remainder when y is divided by h?
1
Suppose -4*i + 56 = 16. Suppose -6*s + 114 = -3*s. What is the remainder when s is divided by i?
8
Suppose 8*a = 4*a + 8. Suppose -2*p = a*p - 16. Suppose p*s + 0*s = -3*t + 73, -4 = 4*t. Calculate the remainder when s is divided by 10.
9
Suppose -16 - 44 = -3*w. Let g = 10 - 16. Calculate the remainder when w is divided by 28/6*(-9)/g.
6
Calculate the remainder when 23 is divided by (-5)/2*(-24)/10.
5
Let p be 6/2*(-146)/(-6). Suppose -4*n = 3*w - p, 2*w - 2*n = -0*n + 30. Calculate the remainder when w is divided by 7.
5
Let t be 2/8 - 11/(-4). Suppose 3 = -n + 4*g, 4*n + 0*n = g + t. Let s = 123 - 122. Calculate the remainder when s is divided by n.
0
Calculate the remainder when (-6 - 1197/(-15)) + (-1)/(-5) is divided by 1*-2 + 0 - -27.
24
Suppose 0 = 11*l - 6*l. Suppose l = -5*w - 4*n + 11, 2*n = -w - 0*n + 1. What is the remainder when 9 is divided by w?
0
Suppose -46 = -5*u + 69. What is the remainder when u is divided by 9?
5
Suppose 0 = 8*h - 10*h + 50. What is the remainder when 70 is divided by h?
20
Suppose -6*m + 105 = 9*m. What is the remainder when 60 is divided by m?
4
Let k = 1 + 14. Suppose -5*j = k, 7*h = 4*h + 4*j + 144. What is the remainder when h is divided by 15?
14
Let g(w) = -w**3 - 13*w**2 - 2*w + 5. Suppose -2*n + j - 14 = -n, -n - 2*j - 11 = 0. Calculate the remainder when g(n) is divided by 8.
7
Suppose 0 = -z + 5. Let r(c) = 4*c**2 + 4*c + 6 - 5*c**2 + 0*c**2. Calculate the remainder when 2 is divided by r(z).
0
Let y = 2 - -2. Let b(f) = f**3 + 22*f**2 - 23*f + 10. Calculate the remainder when b(-23) is divided by y.
2
Suppose -i + 135 = 7*f - 2*f, 3*i = f - 43. What is the remainder when 95 is divided by f?
11
Let d = 19 - -3. Let p = -7 + d. Calculate the remainder when 29 is divided by p.
14
Let u(v) = -2*v + 7. What is the remainder when 32 is divided by u(-5)?
15
Suppose l = -2*l + 72. Suppose 60 = 4*h + l. What is the remainder when 15 is divided by h?
6
Let k = 2 - 1. Let u(x) = 2*x - 6. Let c be u(5). Suppose -2*j - 4 = -c*j. What is the remainder when j is divided by k?
0
Let s(v) = 5*v**2 - v. Let g be s(-2). Suppose 5*k = 55 - 15. Calculate the remainder when 984/33 + 4/g is divided by k.
6
Let k(f) be the third derivative of f**4/12 + f**3/2 + 3*f**2. Suppose 2*m - 33 = -m. Calculate the remainder when k(m) is divided by 13.
12
Suppose -c + 8 = -m + c, -10 = -2*c. Let j = m + 12. What is the remainder when 41 - 0/(1 + 1) is divided by j?
13
Let k(h) = 2*h - 2. Let d be k(3). Suppose 3*z - 4*z = 12. What is the remainder when 31 is divided by 4/(-2)*(z + d)?
15
Let k be (-1)/3 - (-311)/(-3). Let r = 147 + k. What is the remainder when r is divided by 15?
13
Let o be -2*(2*-1 - -1). Suppose 2*a + 96 = -5*v + v, -o*a - 114 = -5*v. Let j = a + 90. What is the remainder when j is divided by 13?
12
Let a(j) = j**3 - 7*j**2 + j + 1. What is the remainder when 25 is divided by a(7)?
1
Let p = 95 - -133. What is the remainder when p is divided by 21?
18
Suppose -24 = -y - 5*h, -y + 9 = -5*h + 25. What is the remainder when y is divided by 3?
1
What is the remainder when 28/6*9/6 is divided by 4?
3
Let i(u) = -14*u - 2. What is the remainder when i(-6) is divided by 28?
26
Let i = 159 + -126. Calculate the remainder when 108 is divided by i.
9
Let w(p) = 3*p + 1. Let t be w(-1). Let g be 8 + (t*1 - -2). Suppose -2*z = g, -212 = -4*c + 3*z + z. What is the remainder when c is divided by 17?
15
Let o = 32 + 56. What is the remainder when o is divided by 10?
8
Let y(h) be the second derivative of h**5/20 - 5*h**4/6 + 7*h**3/3 - 5*h**2 + 2*h. What is the remainder when y(9) is divided by 18?
17
Let s(j) be the third derivative of 5*j**4/24 - j**3/2 + 2*j**2. What is the remainder when s(4) is divided by 4?
1
Let w be 0 - 2/2*-3. Let j = 1 + w. Suppose -282 = -j*z + k + 13, z = -4*k + 61. What is the remainder when z is divided by 25?
23
Suppose 0 = -6*m + 6 + 126. What is the remainder when 108 + (-2)/4*0 is divided by m?
20
Let a be (1 - 0) + (-1 - 3). Let j(o) = -25*o - 25. Let i(u) = 3*u + 3. Let q(f) = -51*i(f) - 6*j(f). What is the remainder when q(a) is divided by 4?
2
Suppose 20 - 2 = 5*k + r, 3*k = -3*r + 18. Suppose -u + 4 = k*u. Let a(d) = 37*d + 1. What is the remainder when a(u) is divided by 20?
18
Suppose -a - 36 = -3*d + 3*a, -4*d + 48 = 2*a. Calculate the remainder when 56 is divided by d.
8
Suppose 5*k - 2*h + 4*h + 76 = 0, -2*k + h = 25. What is the remainder when 23/3 + 1/3 is divided by ((-12)/k)/((-10)/(-35))?
2
Let r(u) = -2*u + 3. What is the remainder when r(-13) is divided by (-266)/(-18) + 2/9?
14
Suppose -5*i - 25 = -4*m, 2*m + 14 = 5*m + i. Suppose 4*h = 7 + 1. Calculate the remainder when m is divided by h.
1
Suppose 0 = -5*a - 29 + 489. What is the remainder when a is divided by 31?
30
Let a(l) = l**3 + 17*l**2 - 3*l - 10. Calculate the remainder when 115 is divided by a(-17).
33
Let x be -3 - 0 - -2 - -1. Let r = 2 - x. Calculate the remainder when 5 is divided by r.
1
Let d = 100 - 58. What is the remainder when 122 is divided by d?
38
Suppose 2*y + 1 = 2*i - 77, 0 = 2*y - 2. Calculate the remainder when i is divided by 11.
7
Let l = 108 - 74. Calculate the remainder when 92 is divided by l.
24
Let r be ((-2)/6)/(1/(-9)). Let y(m) = -m**3 + 4*m**2 - 3*m + 1. Let f = -3 + 5. What is the remainder when f is divided by y(r)?
0
Calculate the remainder when 24 is divided by 290/22 - (3 + 186/(-66)).
11
Suppose 0 = -5*d + 10. Suppose -31 + 13 = -d*l. Suppose 3*s = -4*u + 64, -3*u + 39 = -5*s - l. Calculate the remainder when 46 is divided by u.
14
Let p(r) = r + 3. Let t be p(3). Suppose b + 3 = t. Calculate the remainder when 7 is divided by b.
1
Calculate the remainder when 26 is divided by (-1)/4 + (-183)/(-12).
11
Suppose 4 = -2*j, -6*z + 4*z - j + 50 = 0. Let q(m) = 3*m + 1. Let h be q(1). Suppose -o + 5 = -h. Calculate the remainder when z is divided by o.
8
Let a = 16 - 11. Suppose a*x - 8 = x. Let d(h) = -h**3 + 2*h**2 + h + 1. Calculate the remainder when 8 is divided by d(x).
2
Suppose 0 = t - 29 + 25, -4*t = 5*a - 26. Suppose -4*r - 5*k = -16, 2*r - 12 = -r - 2*k. Suppose r*v - 6 = v. Calculate the remainder when v is divided by a.
0
Suppose -p + 12 + 1 = -f, -5*